st common divisor of 550 and 990?
110
Calculate the greatest common factor of 43 and 1720.
43
Calculate the greatest common factor of 118 and 1.
1
Calculate the highest common factor of 30 and 10430.
10
What is the greatest common divisor of 2 and 19?
1
What is the highest common factor of 164 and 1886?
82
What is the highest common factor of 1156 and 136?
68
What is the greatest common factor of 1092 and 168?
84
Calculate the greatest common divisor of 140 and 1640.
20
Calculate the greatest common divisor of 9407 and 23.
23
What is the highest common factor of 56 and 616?
56
What is the highest common factor of 17538 and 222?
222
What is the greatest common factor of 29 and 145?
29
What is the greatest common divisor of 96 and 312?
24
What is the greatest common divisor of 141 and 15?
3
Calculate the highest common factor of 19 and 399.
19
Calculate the greatest common divisor of 527 and 17.
17
Calculate the highest common divisor of 400 and 832.
16
What is the highest common divisor of 67 and 6231?
67
What is the greatest common divisor of 418 and 38?
38
What is the highest common factor of 1010 and 10?
10
What is the highest common factor of 18 and 63?
9
Calculate the greatest common divisor of 18 and 37521.
9
What is the greatest common divisor of 460 and 1334?
46
Calculate the highest common factor of 152 and 24.
8
What is the highest common divisor of 111 and 2775?
111
Calculate the highest common factor of 7 and 847.
7
Calculate the highest common factor of 4576 and 253.
11
What is the greatest common divisor of 140 and 40?
20
Calculate the greatest common factor of 4 and 1904.
4
Calculate the greatest common factor of 80 and 1032.
8
What is the highest common divisor of 134 and 4891?
67
Calculate the greatest common factor of 48 and 156.
12
Calculate the greatest common divisor of 117 and 96.
3
What is the highest common factor of 413 and 14?
7
Calculate the greatest common divisor of 22097 and 57.
19
What is the highest common factor of 14 and 294?
14
Calculate the greatest common factor of 70 and 910.
70
Calculate the greatest common divisor of 19604 and 464.
116
What is the highest common factor of 1854 and 18?
18
Calculate the highest common divisor of 80 and 8048.
16
Calculate the highest common divisor of 11 and 62117.
11
What is the highest common factor of 1702 and 46?
46
What is the highest common factor of 23 and 299?
23
Calculate the greatest common factor of 39 and 19968.
39
What is the highest common factor of 3 and 1601?
1
Calculate the highest common divisor of 95 and 180.
5
What is the highest common divisor of 28 and 77?
7
What is the greatest common factor of 224 and 14?
14
Calculate the highest common divisor of 20 and 1580.
20
Calculate the greatest common factor of 1120 and 35.
35
Calculate the greatest common factor of 1961 and 477.
53
What is the greatest common divisor of 16500 and 55?
55
Calculate the highest common factor of 437 and 19.
19
Calculate the greatest common divisor of 4 and 344.
4
What is the greatest common factor of 138 and 3588?
138
Calculate the highest common divisor of 33 and 6.
3
Calculate the greatest common divisor of 112 and 128.
16
Calculate the greatest common divisor of 357 and 1470.
21
Calculate the greatest common divisor of 45 and 69345.
45
What is the greatest common factor of 18 and 99?
9
What is the highest common factor of 36 and 84?
12
Calculate the highest common divisor of 210 and 56.
14
What is the greatest common factor of 125 and 20?
5
Calculate the greatest common factor of 42 and 35.
7
What is the greatest common factor of 72 and 81?
9
What is the highest common divisor of 782 and 1288?
46
What is the highest common factor of 1377 and 68?
17
Calculate the greatest common divisor of 9207 and 62.
31
What is the highest common divisor of 16 and 18?
2
What is the highest common divisor of 15 and 480?
15
What is the greatest common divisor of 826 and 140?
14
What is the highest common divisor of 245 and 2030?
35
Calculate the greatest common divisor of 63 and 35.
7
What is the greatest common divisor of 16 and 32?
16
What is the highest common factor of 195 and 45?
15
Calculate the highest common factor of 26 and 4732.
26
Calculate the greatest common divisor of 456 and 1254.
114
What is the highest common divisor of 242 and 22?
22
What is the greatest common factor of 7570 and 30?
10
Calculate the highest common divisor of 270 and 594.
54
Calculate the highest common divisor of 1566 and 126.
18
What is the highest common factor of 36 and 18?
18
What is the greatest common factor of 7 and 35?
7
What is the highest common divisor of 56 and 168?
56
Calculate the highest common factor of 6466 and 53.
53
Calculate the greatest common divisor of 2 and 8.
2
Calculate the highest common factor of 1534 and 208.
26
Calculate the highest common divisor of 3629 and 19.
19
Calculate the highest common divisor of 71 and 4.
1
Calculate the greatest common factor of 42 and 1946.
14
Calculate the greatest common divisor of 49 and 23863.
49
Calculate the greatest common divisor of 5083 and 2737.
391
Calculate the greatest common factor of 1971 and 27.
27
Calculate the greatest common divisor of 64 and 1632.
32
Calculate the greatest common factor of 3686 and 266.
38
Calculate the greatest common factor of 22 and 1617.
11
Calculate the greatest common divisor of 13014 and 36.
18
Calculate the highest common factor of 3465 and 60.
15
Calculate the greatest common divisor of 3262 and 1165.
233
What is the highest common factor of 2241 and 581?
83
Calculate the greatest common divisor of 12 and 156.
12
What is the highest common factor of 9 and 1143?
9
What is the greatest common divisor of 469 and 168?
7
What is the greatest common factor of 410 and 4264?
82
What is the highest common divisor of 34 and 3026?
34
Calculate the greatest common factor of 5 and 35.
5
What is the highest common factor of 33 and 429?
33
Calculate the highest common divisor of 49 and 525.
7
Calculate the highest common divisor of 464 and 192.
16
What is the highest common factor of 25 and 20?
5
What is the highest common divisor of 48 and 1992?
24
What is the greatest common factor of 10335 and 195?
195
Calculate the highest common divisor of 100 and 2350.
50
Calculate the greatest common divisor of 93 and 33.
3
What is the greatest common divisor of 58 and 261?
29
Calculate the highest common factor of 75 and 300.
75
What is the highest common divisor of 44 and 3806?
22
What is the highest common factor of 84420 and 42?
42
Calculate the highest common factor of 12 and 24.
12
Calculate the highest common factor of 16 and 2536.
8
What is the greatest common factor of 338 and 52?
26
What is the greatest common divisor of 13661 and 19?
19
Calculate the highest common factor of 1431 and 53.
53
What is the greatest common factor of 17 and 4?
1
What is the greatest common factor of 483 and 46?
23
Calculate the greatest common factor of 1365 and 21.
21
Calculate the greatest common divisor of 1584 and 45.
9
What is the greatest common divisor of 28 and 644?
28
Calculate the highest common factor of 104 and 572.
52
Calculate the highest common divisor of 18 and 1071.
9
What is the highest common divisor of 21 and 42?
21
Calculate the highest common divisor of 7 and 1855.
7
What is the greatest common factor of 511 and 77?
7
Calculate the greatest common factor of 576 and 320.
64
What is the highest common divisor of 350 and 49?
7
Calculate the highest common factor of 728 and 2002.
182
What is the highest common factor of 672 and 84?
84
What is the highest common factor of 1482 and 351?
39
Calculate the greatest common factor of 1917 and 284.
71
Calculate the greatest common factor of 340 and 80.
20
What is the highest common divisor of 392 and 602?
14
What is the highest common divisor of 26 and 52?
26
Calculate the highest common divisor of 94 and 329.
47
What is the greatest common factor of 76 and 285?
19
What is the highest common divisor of 36 and 612?
36
Calculate the highest common divisor of 178 and 28213.
89
Calculate the greatest common factor of 98 and 3878.
14
What is the greatest common divisor of 14 and 14?
14
What is the highest common factor of 2976 and 31?
31
What is the greatest common factor of 160 and